
What is the remainder when 27154 is divided by 146?
144
Calculate the remainder when 10600 is divided by 342.
340
Calculate the remainder when 16581 is divided by 68.
57
Calculate the remainder when 10 is divided by 3.
1
What is the remainder when 1323 is divided by 223?
208
Calculate the remainder when 3751 is divided by 24.
7
What is the remainder when 221 is divided by 36?
5
Calculate the remainder when 199 is divided by 43.
27
Calculate the remainder when 4239 is divided by 101.
98
What is the remainder when 369 is divided by 71?
14
Calculate the remainder when 107 is divided by 71.
36
Calculate the remainder when 288 is divided by 94.
6
What is the remainder when 3475 is divided by 158?
157
What is the remainder when 2631 is divided by 149?
98
What is the remainder when 441 is divided by 114?
99
What is the remainder when 43 is divided by 26?
17
What is the remainder when 1285 is divided by 6?
1
Calculate the remainder when 779 is divided by 13.
12
What is the remainder when 635 is divided by 213?
209
Calculate the remainder when 1835 is divided by 249.
92
Calculate the remainder when 227 is divided by 39.
32
Calculate the remainder when 312 is divided by 21.
18
What is the remainder when 344 is divided by 148?
48
What is the remainder when 1207 is divided by 97?
43
What is the remainder when 3757 is divided by 16?
13
Calculate the remainder when 712 is divided by 5.
2
Calculate the remainder when 208 is divided by 81.
46
Calculate the remainder when 123364 is divided by 29.
27
What is the remainder when 6776 is divided by 2254?
14
What is the remainder when 662 is divided by 28?
18
Calculate the remainder when 778 is divided by 52.
50
What is the remainder when 391 is divided by 88?
39
Calculate the remainder when 687 is divided by 77.
71
Calculate the remainder when 105 is divided by 63.
42
Calculate the remainder when 38 is divided by 15.
8
Calculate the remainder when 1175 is divided by 27.
14
Calculate the remainder when 9858 is divided by 68.
66
What is the remainder when 194 is divided by 14?
12
What is the remainder when 929 is divided by 93?
92
Calculate the remainder when 69 is divided by 46.
23
What is the remainder when 96 is divided by 21?
12
What is the remainder when 524 is divided by 173?
5
What is the remainder when 241 is divided by 35?
31
Calculate the remainder when 500 is divided by 236.
28
What is the remainder when 298 is divided by 32?
10
Calculate the remainder when 628 is divided by 56.
12
Calculate the remainder when 1674 is divided by 187.
178
Calculate the remainder when 115 is divided by 26.
11
What is the remainder when 825 is divided by 46?
43
What is the remainder when 599 is divided by 25?
24
What is the remainder when 394 is divided by 22?
20
Calculate the remainder when 75 is divided by 16.
11
What is the remainder when 1432 is divided by 58?
40
Calculate the remainder when 384 is divided by 107.
63
What is the remainder when 825 is divided by 49?
41
What is the remainder when 668 is divided by 61?
58
What is the remainder when 247 is divided by 99?
49
Calculate the remainder when 1154 is divided by 165.
164
Calculate the remainder when 1525 is divided by 758.
9
Calculate the remainder when 260 is divided by 75.
35
What is the remainder when 1356 is divided by 85?
81
Calculate the remainder when 296 is divided by 25.
21
What is the remainder when 13522 is divided by 46?
44
What is the remainder when 63 is divided by 18?
9
What is the remainder when 398 is divided by 5?
3
Calculate the remainder when 312 is divided by 116.
80
What is the remainder when 211 is divided by 208?
3
What is the remainder when 368 is divided by 37?
35
Calculate the remainder when 521 is divided by 252.
17
What is the remainder when 2050 is divided by 309?
196
What is the remainder when 9041 is divided by 137?
136
What is the remainder when 90 is divided by 19?
14
Calculate the remainder when 249 is divided by 37.
27
Calculate the remainder when 5497 is divided by 47.
45
Calculate the remainder when 69 is divided by 59.
10
Calculate the remainder when 5739 is divided by 70.
69
Calculate the remainder when 20550 is divided by 14.
12
Calculate the remainder when 284 is divided by 36.
32
Calculate the remainder when 12853 is divided by 49.
15
What is the remainder when 4340 is divided by 30?
20
What is the remainder when 1711 is divided by 39?
34
Calculate the remainder when 27 is divided by 14.
13
What is the remainder when 1867 is divided by 232?
11
What is the remainder when 390 is divided by 19?
10
What is the remainder when 91 is divided by 19?
15
Calculate the remainder when 629 is divided by 251.
127
Calculate the remainder when 95 is divided by 15.
5
What is the remainder when 94 is divided by 51?
43
Calculate the remainder when 1292 is divided by 12.
8
Calculate the remainder when 186 is divided by 9.
6
Calculate the remainder when 658 is divided by 138.
106
Calculate the remainder when 1394 is divided by 92.
14
Calculate the remainder when 32 is divided by 3.
2
Calculate the remainder when 2173 is divided by 17.
14
Calculate the remainder when 9204 is divided by 17.
7
What is the remainder when 119 is divided by 15?
14
What is the remainder when 61 is divided by 27?
7
Calculate the remainder when 4 is divided by 1.
0
What is the remainder when 129 is divided by 78?
51
What is the remainder when 161 is divided by 27?
26
What is the remainder when 154 is divided by 34?
18
What is the remainder when 305 is divided by 6?
5
Calculate the remainder when 2518 is divided by 18.
16
What is the remainder when 314 is divided by 111?
92
What is the remainder when 324 is divided by 153?
18
Calculate the remainder when 1186 is divided by 27.
25
What is the remainder when 2023 is divided by 25?
23
Calculate the remainder when 4268 is divided by 35.
33
Calculate the remainder when 112 is divided by 64.
48
What is the remainder when 2737 is divided by 41?
31
What is the remainder when 807 is divided by 30?
27
Calculate the remainder when 143 is divided by 133.
10
Calculate the remainder when 809 is divided by 9.
8
What is the remainder when 101 is divided by 9?
2
What is the remainder when 224 is divided by 3?
2
What is the remainder when 335 is divided by 85?
80
What is the remainder when 112 is divided by 5?
2
What is the remainder when 245 is divided by 68?
41
Calculate the remainder when 489 is divided by 7.
6
What is the remainder when 1969 is divided by 123?
1
Calculate the remainder when 104 is divided by 5.
4
What is the remainder when 143 is divided by 46?
5
Calculate the remainder when 169 is divided by 57.
55
What is the remainder when 2455 is divided by 8?
7
What is the remainder when 2460 is divided by 32?
28
What is the remainder when 2722 is divided by 101?
96
Calculate the remainder when 536 is divided by 160.
56
Calculate the remainder when 333 is divided by 67.
65
Calculate the remainder when 650 is divided by 211.
17
Calculate the remainder when 3709 is divided by 21.
13
What is the remainder when 29 is divided by 25?
4
What is the remainder when 2107 is divided by 515?
47
What is the remainder when 429 is divided by 46?
15
Calculate the remainder when 611 is divided by 41.
37
What is the remainder when 106 is divided by 28?
22
Calculate the remainder when 113 is divided by 58.
55
Calculate the remainder when 344 is divided by 80.
24
What is the remainder when 154 is divided by 52?
50
Calculate the remainder when 750 is divided by 94.
92
Calculate the remainder when 13101 is divided by 16.
13
Calculate the remainder when 129 is divided by 9.
3
Calculate the remainder when 5263 is divided by 8.
7
Calculate the remainder when 866 is divided by 92.
38
Calculate the remainder when 3165 is divided by 122.
115
What is the remainder when 7827 is divided by 38?
37
Calculate the remainder when 242 is divided by 59.
6
What is the remainder when 6412 is divided by 1282?
2
What is the remainder when 6929 is divided by 21?
20
Calculate the remainder when 603 is divided by 290.
23
What is the remainder when 62 is divided by 23?
16
Calculate the remainder when 235 is divided by 48.
43
Calculate the remainder when 305 is divided by 22.
19
Calculate the remainder when 1304 is divided by 431.
11
Calculate the remainder when 311 is 